 Determine v(3).
-8
Let w(u) = 2*u - 2. Let c be 2/(-1 - 0/(-2)). Let z be (c + -3)*2/(-5). Suppose 0 = -4*l + z*l + 4. Determine w(l).
2
Let u = -220 - -215. Let b(o) = 5 - 3*o + 2*o**3 - 2*o + 4*o**2 - o**3. What is b(u)?
5
Let h be (-4 - -2)/(4/(-14)). Let q(l) = -l + h*l**3 - 2*l**3 - 4*l**3. Let r(y) = 7*y**3 + 2*y**2 + 1. Let z(j) = 2*q(j) - r(j). Calculate z(-1).
4
Let t(w) be the third derivative of -w**8/6720 - w**7/2520 - w**5/60 + w**4/8 + 3*w**2. Let y(q) be the second derivative of t(q). Calculate y(-2).
2
Let u(v) = -v**2 + 11*v - 14. Suppose -i + 9 - 34 = -3*r, 25 = 5*r - 5*i. What is u(r)?
-4
Let p(z) = 13*z**2 + 1 + 76*z - 76*z. Give p(-1).
14
Suppose 0 = -2*y + 3*y + x, 2 = -2*x. Let u(i) = -2*i**2 + i. Calculate u(y).
-1
Suppose -4*w - 29 = -1. Let n(f) = f**2 + 10*f + 9. Determine n(w).
-12
Let s(k) = -k**2 - 4*k - 4. Let j be s(-3). Let p be 51/18 + j/(-6). Let o(b) = -b + 1. What is o(p)?
-2
Let p(m) = -m**2 - 6*m + 9. Let q be p(-7). Let r be q - (1 + -1) - -1. Let u(n) = -4*n. Determine u(r).
-12
Let g be (-1)/(-1)*(3 + 0). Suppose 6 + 13 = 5*u - 2*i, 4*u - 5*i = 22. Let f(y) = 4*y**2 + 2*y**3 - y + 5 - u*y**3 - 4. Give f(g).
7
Let u be 3/15 - 9/(-5). Let p(l) = l**3 - l + 0 - 7 - u*l**2 + l**2 + 2*l. What is p(0)?
-7
Let x(k) = k**3 + 9*k**2 + 7*k - 7. Let l be x(-8). Let s(o) = 6 - 3*o**3 - 3 - 4. Calculate s(l).
-4
Let i(z) = -11*z - 2. Let n(b) = 23*b + 4. Let h(f) = -5*i(f) - 2*n(f). What is h(-2)?
-16
Let t(w) = 9*w + 11. Let d(f) = -10*f - 13. Let o(a) = 6*d(a) + 7*t(a). Suppose -2*l - 3 = 3*c, -2*c + 3*c + 12 = 3*l. Give o(l).
8
Let a(x) = 19*x + 3. Let g(u) = 10*u + 2. Let l(f) = 3*a(f) - 5*g(f). Suppose -3*v = -5*v + 2. What is l(v)?
6
Let r be 8/6*(0 - -3). Let t(m) = m**2 - 9*m + 2. Determine t(r).
-18
Let j(m) = m**3 - m**2 - 3*m - 2. Let s be j(-1). Let n(o) = 2*o**3 - o**2. Give n(s).
-3
Let s(h) = 0*h**3 - h**3 - 3*h**2 - h**2. Let f(a) = 3*a**3 + a**2. Let b be f(1). Suppose b*u = 4*z - 0*u + 36, -u + 5 = 0. Give s(z).
0
Let l(k) be the first derivative of -k**4/4 + 3*k**3 + 11*k**2/2 - 15*k - 19. Give l(10).
-5
Let i = 13 + -8. Let y = -10 + i. Let l(z) = 6 - z**2 - 4*z - 2 + 1. What is l(y)?
0
Let u(f) = -4*f - 1. Let m be ((-26)/(-8) + -1)*12. Let n be (-2)/(-6)*(-6 + m). Let r = -6 + n. Determine u(r).
-5
Let g(j) = 7*j**2 + 4*j - 3. Let o(y) = -2*y**2 - 1 - 2*y**2 - 2*y + 3. Let v(s) = -3*g(s) - 5*o(s). Determine v(2).
-9
Let h(n) be the first derivative of -3 - 1/3*n**3 + 3*n**2 - n. What is h(5)?
4
Let s(n) = -n**2 - n. Suppose 0 = 4*b - 19*b - 15. What is s(b)?
0
Suppose -10 = 5*x - 4*f, -x = 3*f + 2*f + 2. Let z(s) be the second derivative of -4*s - 1/4*s**4 + 1/6*s**3 + s**2 - 1/20*s**5 + 0. Determine z(x).
-4
Let w(o) be the second derivative of -4*o + 1/20*o**5 + 5/12*o**4 + 0 + 7/2*o**2 + 0*o**3. What is w(-5)?
7
Let d = 3 + -2. Let q(m) = -1 + 1 + 4*m**2 + m - d + m**3. Let l be (1 - (-1 + 5))*1. Calculate q(l).
5
Let m(d) be the second derivative of -d**4/12 - d**3/6 + 5*d**2/2 - 4*d. Determine m(0).
5
Let w(k) = k + 3*k - 161*k**2 - 5 + 162*k**2. Calculate w(-4).
-5
Let s(v) = -3*v + 1. Let o(i) = 9*i - 3. Let f(g) = -6*o(g) - 17*s(g). What is f(-3)?
10
Suppose -4*a + 5*j = -5, 3*a + 4 = -5*j + j. Let v(k) be the third derivative of k**5/60 - k**4/24 + 3*k**3/2 - 2*k**2. Give v(a).
9
Suppose -2 = -m + z, -m + 5 = -3*z + 5*z. Let l(h) = -3*h + 1. Let a(r) = 6*r - 3. Let b be 4 + 0 + (-3)/(-3). Let o(k) = b*l(k) + 3*a(k). What is o(m)?
5
Let w(v) = -8*v + 5. Let d(y) = -7*y + 5. Let f(l) = -6*d(l) + 5*w(l). Let x(c) = c - 2. Let p(q) = 2*f(q) - 5*x(q). Calculate p(-1).
1
Let o(a) = -3*a + 3. Suppose -5*l + 13 = -4*n, -4*n + l + 4 + 3 = 0. Determine o(n).
-6
Let s = 8 + -6. Let m be -3*3/((-9)/s). Suppose -3 = -m*z - 3*f + 2, -2*z = 4*f - 10. Let p(j) = -j**3 - 4*j**2 + 5*j + 1. Determine p(z).
1
Let g(c) = c - 2. Suppose -16 = 7*s - 9*s. Suppose 4 = -2*n + s. Calculate g(n).
0
Let s(u) be the second derivative of 0 + 1/2*u**2 - 1/6*u**3 + 3*u. Let l = 2 - 0. What is s(l)?
-1
Let g(m) be the first derivative of -5 + 4*m - 2*m**3 - 1/4*m**4 - 1/2*m**2. What is g(-6)?
10
Let s(i) = -2 + 3 + 1 + 2*i - 5. Give s(-5).
-13
Let l(m) = m**3 - 4*m**2 - 2*m - 12. Let g be l(5). Let o(f) = f**3 - 4*f**2 + 4*f + 1. Give o(g).
4
Let j(i) = i - 5. Let z = -6 + 11. Let q be j(z). Suppose q = -5*l + x - 15, -l + x + 21 = -5*l. Let b(r) = r - 2. Give b(l).
-6
Let d(s) be the first derivative of s**4/4 + s**3 + 1. Give d(-3).
0
Let y = -4 + 7. Suppose -8 - 4 = -5*o - 2*w, -4*w - 2 = -3*o. Let a(d) = -1 + y*d**2 + 5*d**o - 6*d**2 - d. What is a(-1)?
2
Let w(c) = c**3 - c**2 - c - 1. Let b(k) = -k + 13. Let z be b(-6). Let d = -20 + z. Calculate w(d).
-2
Let w(k) = -k**2 - 3*k + 3. Let n be w(-3). Suppose -y + 20 = n*y. Let p(h) = h**3 - 5*h**2 + h - 3. Calculate p(y).
2
Suppose -9*a - 7 = 11. Let n(r) = r - 1. Determine n(a).
-3
Let r(k) = k**2 + k. Let s(c) = -2*c**2 - 6*c - 1. Suppose -1 = 4*a + b, a = -0*b - 3*b - 14. Let g(x) = a*r(x) + s(x). Calculate g(-4).
3
Let k = -5 - -9. Suppose -k = h - 2. Let y(q) = -q**2 + q - 1. Let o(u) = -2*u**2 - 2*u - 2. Let d(n) = o(n) - y(n). Give d(h).
1
Let f(x) = -2*x - 2. Let m(p) = -p**2 + 3*p + 1. Let s be m(2). Suppose -6 = 2*d - s*z, -z + 9 = 2*d - 5*d. Let c be f(d). Let l(y) = -y - 1. What is l(c)?
-5
Let z(i) = -i**2 + 3*i + 1. Let m be z(4). Let u(w) = -w - 4 + 7 - 4. Calculate u(m).
2
Let h(f) = -1. Let y(b) = -b + 10. Let o(n) = -5*h(n) - y(n). Calculate o(0).
-5
Let l be (-15)/18*(-6)/1. Let o(f) = -2*f + 5*f + l - 7. Let i be 2/1 - 6/(-3). Give o(i).
10
Let w(r) be the first derivative of 4 + 1/2*r**2 - 1/4*r**4 + r**3 + 0*r. Suppose 0 = 4*t + 4, 10*s - 5*s = -3*t + 7. What is w(s)?
6
Let f(d) be the second derivative of 13*d**5/20 - d**4/12 + d**2/2 + 24*d. Determine f(1).
13
Let f(j) be the first derivative of -j**4/4 - j**2/2 - 7*j + 2. Give f(0).
-7
Suppose 8*f = f + 3*f. Let a(y) be the first derivative of -y - 1 + f*y**3 - 1/4*y**4 + 1/2*y**2. What is a(1)?
-1
Let j(w) be the third derivative of w**4/8 + w**3/3 + 24*w**2. Calculate j(2).
8
Suppose -5*n + 2*v = -16, n - 4*v + 5 = 19. Let u(y) be the second derivative of -y**4/12 - y**3/3 + y**2/2 + 2*y. Calculate u(n).
-7
Let y(p) = p - 1. Let k(o) = -o**2 - 6*o - 8. Let u be k(-4). Determine y(u).
-1
Let i = 4 - -1. Let q(m) be the third derivative of m**6/120 - m**5/15 - 5*m**4/24 - m**3 - 2*m**2. What is q(i)?
-6
Let b(g) = -g - 5. Suppose u - 3*u + 42 = 0. Let i = -11 + u. Let p = -14 + i. What is b(p)?
-1
Suppose -15*t - 16 = -7*t. Let h(z) be the third derivative of -z**6/60 - z**5/20 - z**4/24 + 2*z**2. Give h(t).
6
Let c be 4/(-18) - (-282)/54. Let h be (2/c)/((-7)/(-35)). Let x(k) = -2*k. Calculate x(h).
-4
Let p(j) = 0*j - 9*j + 8*j. What is p(-3)?
3
Suppose n = -2*j - 0 - 15, -2*j - 35 = 5*n. Let s(y) = 2*y. Let v = 5 + -2. Let o(r) = 4*r - 1. Let w(g) = v*o(g) - 7*s(g). Give w(j).
7
Let g(u) = u + 4. Let r be g(-5). Let p = r + 3. Let l(z) = -2*z**3 + 4*z**2 - 3*z + 1. Determine l(p).
-5
Suppose -4*i - 2*b = 0, -4*i = i - b. Let l(f) = f**2 + f - 5. What is l(i)?
-5
Let d(z) = z**3 + 3*z**2 + 2*z - 1. Let t be 6 - 3/9*27. Give d(t).
-7
Let l(h) = h. Let d(t) be the third derivative of t**4/24 - 5*t**3/6 - 2*t**2. Let w = -14 - -21. Let j be d(w). Give l(j).
2
Let f(n) = -7*n**2 + 7*n**2 + n**2 + 2. What is f(-3)?
11
Let r(n) be the third derivative of -n**4/24 + n**3 - 8*n**2. Give r(6).
0
Suppose -n = -4*k - 0*k - 5, 4*n - 20 = 4*k. Let q(v) = -v**3 - v**2 - 11. Determine q(k).
-11
Let q(c) be the first derivative of c**2/2 + 1. Calculate q(1).
1
Let j be 1 + (-3 + 4 - -2). Let p(b) = -b**3 + 5*b**2 - 5*b - 1. Let u be p(j). Let f(w) = w + 4. Give f(u).
-1
Let t(a) = a**2 + 6*a + 4. Let y = 0 + 24. Suppose -5*b + b + 32 = 2*w, 0 = -5*b + 15. Suppose 0 = -2*n - w, -p = -0*p + 4*n + y. Calculate t(p).
-4
Let d(z) = 3*z**3 + z**2 - z. Let r be (-7)/2 + 2/(-4). Suppose -v + 11 = -5*w, -3*w + 0*v - 10 = -4*v. Let i be (1/w)/(r/8). Calculate d(i).
3
Let z(i) = -4*i**2 + 0*i**2 - i**3 - i**2 - 4*i. Give z(-4).
0
Let n(o) be the second derivative of -o**7/2520 - o**6/180 + o**5/15 - o**4/3 + 6*o. Let y(q) be the third derivative of n(q). What is y(-6)?
-4
Let q(g) = 19*g - 20*g - 5 - 7 + 1. 